6
Let l(t) = 8*t - 35. Suppose -26*r = -15*r - 88. Let x = 326 - 212. What is the remainder when x is divided by l(r)?
27
Let h(d) = -47*d - 99. Let f be h(-18). Let y = f + -711. What is the remainder when 71 is divided by y?
35
Suppose 10*k - 81*k + 5325 = 0. Suppose -3*d = -2*d - 4. Suppose d*p = 27 + 53. Calculate the remainder when k is divided by p.
15
Let x(v) = v**2 + 3*v - 3997. What is the remainder when x(62) is divided by 29?
4
Let a(j) = -613*j - 768. What is the remainder when a(-5) is divided by 50?
47
Let f(s) = s**2 - 7*s + 6. Let q be f(6). Suppose -5*l = -h + 2, 44 = 2*h - 2*l - q. What is the remainder when 185 is divided by h?
23
Suppose 454 = 2*t - z, -4*z = -4*t + 1255 - 367. Suppose 3*o + 2*o = 3*p + 53, 0 = 2*p - 8. Calculate the remainder when t is divided by o.
11
Let d be (-20)/(-9) - 4/18. Suppose -5 = f - 2*f, 34 = 2*a + d*f. Suppose -1081 + 61 = -a*n. Calculate the remainder when n is divided by 22.
19
Suppose 0 = 3*h - 3*u + 357, 2*h - 5*u + 242 = -4*u. Let n = -8 - h. What is the remainder when n is divided by 31?
22
Let k be ((-1)/(-2))/((-1)/20). Let h = k - -17. Suppose 0 = -49*q + 231 + 896. What is the remainder when q is divided by h?
2
Calculate the remainder when (78470/(-15))/(-7) + (-1)/3 is divided by 33.
21
Suppose 10*m = 14*m - 76. Suppose g + 3*o = o - 55, 241 = -4*g - o. Let h = 114 + g. What is the remainder when h is divided by m?
15
Suppose 12*x - 12 = 15*x. Let o be 22 + (-1)/((-4)/x). Suppose 2*i - o = 83. What is the remainder when i is divided by 18?
16
Let b be (-2)/7 + 1902/42. Suppose 10*q = q + b. Suppose 4*w - 25 = -q. Calculate the remainder when w is divided by 2.
1
Suppose -467 = 12*q - 4*q - 4555. What is the remainder when q is divided by 226?
59
Suppose 29 = 2*u - c + 4*c, 3*c + 3 = 0. Suppose -u*y + 210 = -10*y. Calculate the remainder when y is divided by 12.
11
Suppose 4*w = 2*m, 15*m - 20*m - w = -33. Let v(h) = 3*h**2 - 18*h + 23. Suppose -5*k = -3*k - 10. Calculate the remainder when v(m) is divided by k.
3
Let r(s) = 34*s**2 + 7*s - 14. Let d be r(2). Calculate the remainder when 133 is divided by (-1)/(4/(-16) + 26/d).
14
Suppose -46*q + 4*k = -39*q - 1490, -2*q = -5*k - 391. What is the remainder when 725 is divided by q?
71
Suppose 427*c = 843*c - 429*c + 3978. What is the remainder when c is divided by 50?
6
Let w = -3691 + 4944. What is the remainder when w is divided by 210?
203
Let d = -14713 + 15592. What is the remainder when d is divided by 20?
19
Suppose 2*a - 70 = -3*q, 132 = 5*q - a - 2. What is the remainder when 1228 is divided by q?
6
Suppose c + 3*k = 56, 3*c - 3*k = 2*k + 182. Suppose -4*f + 17*d = 20*d - 61, 5*d + 37 = 2*f. What is the remainder when c is divided by f?
11
Suppose -16*b + 0*b = 0. Let s = b + 206. What is the remainder when s is divided by 19?
16
Suppose -7*o = -253 + 372. Let y(v) = -14*v - 13. What is the remainder when y(o) is divided by 61?
42
Let b(a) be the second derivative of a**4/6 + a**3/2 - 5*a**2/2 - 2*a. Let v be b(3). Let y = 100 - v. What is the remainder when y is divided by 20?
18
Let n be (-28)/(-6)*24/28. Suppose n*p - 1144 = -5*c, -286 = 6*p - 7*p + 2*c. Calculate the remainder when p is divided by 32.
30
Let m = 42 + -29. Let u = 53 - m. Let v(j) = j**3 - 5*j**2 - 60*j + 45. Calculate the remainder when u is divided by v(-6).
4
Let t be (-1 + (-118)/(-4))*(-72)/(-54). What is the remainder when 72 is divided by 116/18*3*57/t?
14
Let c(v) = -9*v - 6. Let k = 152 + -146. Suppose 1584 = k*q + 12*q. What is the remainder when q is divided by c(-4)?
28
Let q = -6 - -13. Suppose -38*n = 6*n - 484. Suppose -268 = q*r - n*r. What is the remainder when r is divided by 7?
4
Let y(f) = 336*f - 1147. Suppose 0 = 30*b - 28*b - 34. What is the remainder when y(4) is divided by b?
10
Let x(o) = -o - 1. Let i be x(-3). Let s = i + 6. Let u(k) = k**3 - 12*k**2 + 23*k. What is the remainder when u(10) is divided by s?
6
Let b = 2 - 5. Let j(z) be the first derivative of -20*z**2 + 9*z + 139. Calculate the remainder when j(b) is divided by 26.
25
Let p(l) = 29*l + 2*l**3 + 4*l**3 - 4*l**3 + 2 - 9*l**2 - 14*l. What is the remainder when 182 is divided by p(4)?
44
Let q = -15 - -30. Let i = 25 + q. Let b = -2455 - -2613. What is the remainder when b is divided by i?
38
Let h = 3688 + 391. Calculate the remainder when h is divided by 170.
169
Suppose 23*y + 24*y = 611. What is the remainder when 155 is divided by y?
12
Let i = 15980 + -15041. What is the remainder when 2823 is divided by i?
6
Suppose 14799*f = 14804*f - 2440. Calculate the remainder when f is divided by 24.
8
Suppose -3*n + 613 = 2*b - 104, 5*n + 4*b = 1197. What is the remainder when 20 is divided by (16/10)/(-2) + n/15?
5
Suppose 65*x + 27 = 68*x + 4*n, 2*x = -2*n + 20. Suppose 2*t = -5*m + 351, -275 = -5*t - 3*m + 612. What is the remainder when t is divided by x?
9
Suppose 3*u - 5*v - 168 = 0, -247 + 58 = -3*u - 2*v. What is the remainder when u is divided by (-441)/(-462)*33*2/3?
19
Let a = -7791 + 7938. What is the remainder when 1758 is divided by a?
141
Suppose -15*l - 272 = 718. What is the remainder when (l + 65)/(2/(-904)) is divided by 38?
34
Suppose -5*c + 2 = -8. Suppose 25*y = 15*y + 140. Suppose c*u - u - y = 0. What is the remainder when 38 is divided by u?
10
Suppose -203 - 389 = -5*s + 3*f, -4*s + 3*f = -473. Suppose 0 = 25*n - 7*n - 270. Calculate the remainder when s is divided by n.
14
Suppose 0 = -2*r - 2*k - 16, 19*k - 21*k + 54 = -5*r. Calculate the remainder when 4/r - 2536/(-40) is divided by 13.
11
Suppose -67*m + 234 = -838. Calculate the remainder when 3402 is divided by m.
10
Calculate the remainder when 839 is divided by (5/(-10))/(4/(-232)).
27
Let i be (-3)/(-1)*-3*-45. Suppose i = 5*b - 5. Let v(s) = s**2 - 2*s - 3. What is the remainder when b is divided by v(6)?
19
Let v = 87 - 83. Suppose u = 5*j + 31, 5*u = j - v + 63. What is the remainder when 1/(-4) - (-253)/4 - 1 is divided by u?
7
Let y be 434/14 - 2*-2. Suppose 225 = y*a - 10*a. What is the remainder when 11 is divided by a?
2
Let s(r) be the first derivative of -3*r**2 - 3*r + 2. Suppose -4*l + 71 = 5*q, -144*q + 143*q + 19 = -4*l. Calculate the remainder when q is divided by s(-2).
6
Let c = 37 + 83. Suppose y = z + 32, -2*z = -y - 3*y + c. Calculate the remainder when 80 is divided by y.
24
Suppose -11*i = -5*i - 246. Let k = i + 2. Let p = -38 + k. Calculate the remainder when 24 is divided by p.
4
Suppose 28*b - 380 = 26*b. Calculate the remainder when b is divided by 64.
62
Let u(l) = -15*l**3 - l**2 + 52*l + 111. Suppose 2*q + 2*t - 116 = -0*q, -3*q - t = -184. Calculate the remainder when u(-2) is divided by q.
60
Suppose -491 - 373 = 3*o. Let l = -254 - o. Calculate the remainder when l is divided by 6.
4
Suppose 0 = d + 5, 346 = 3*u + 5*d - 205. What is the remainder when u is divided by 49?
45
Let j = 3699 + -3271. Calculate the remainder when j is divided by 33.
32
Let z(l) = -2*l**3 - 23*l**2 + 63*l - 79. Calculate the remainder when 416 is divided by z(-14).
17
What is the remainder when 563 is divided by (-182)/26*26/(-7) - -7?
2
Let v = 376 + -383. What is the remainder when (v + 3/6)/((-1)/10) is divided by 17?
14
What is the remainder when (3 + 0)*(1 - (-61665)/45) is divided by 23?
20
Let j(v) = -21*v - 70. Let g be j(-8). Let q = g - 78. What is the remainder when q is divided by 7?
6
Let m be (-56)/84 - (-191)/3. Let b = -59 + m. Suppose 7*c - 5*c = -2, -14 = -5*x + b*c. What is the remainder when 16 is divided by x?
0
Suppose -388 = -2*g - 4*k, 4*k + 26 = 5*g - 986. Calculate the remainder when g is divided by 7.
4
Calculate the remainder when 5002 is divided by (-2 + 4 - -135) + (3072/(-16))/(-32).
140
Let l(s) = s**3 - 6*s**2 + 6*s - 5. Let j be l(5). Suppose j = k + 4*k + 5. Calculate the remainder when 13 is divided by (-25 - k)*23/(-69).
5
Let f(k) = k**3 - 9*k**2 + 5*k - 5. Let j be f(5). Let r = 158 + j. Calculate the remainder when r is divided by 33.
12
Suppose 66*x - 55*x = -34*x + 7335. What is the remainder when 479 is divided by x?
153
Let f(t) = -2*t**2 + 50*t - 51. Let b(u) = -18*u + 124. Calculate the remainder when f(23) is divided by b(6).
9
Let o(z) = -7*z - 1 - 2 + 5*z + z. Let r be o(-6). Suppose 5*m = -2*k - r*k + 290, -4*m = 3*k